r?
5
Let p be (5 - (-69)/(-12)) + (-46)/(-8). Suppose 0 = 5*o + 3*x - 338, 3*o - 178 = -p*x + 28. What is the tens digit of o?
6
Let c be (-890)/(-4)*6/5. Let m = -122 + c. What is the hundreds digit of m?
1
Let c(s) = -1 + 2*s**2 - 13*s + 17*s + 1. Let t be c(4). Let n = t - 31. What is the units digit of n?
7
Let z(w) be the first derivative of -w**3/3 + w**2/2 + 2*w + 4. Let n be z(2). Suppose -t + 8 = -n*t. What is the units digit of t?
8
Let x = -1041 + 2163. What is the thousands digit of x?
1
Suppose -3*v + 5163 = 3*j, 5*j - 2*v = 2*j + 5178. What is the units digit of j?
4
Let y(b) = 5*b**2 + 8*b - 19. Let d(u) = 1. Let r(z) = 6*d(z) + y(z). What is the units digit of r(6)?
5
Suppose -63578 - 84447 = -31*y. What is the units digit of y?
5
Suppose y - 3*v - 14 = -0*y, -3*y - 3*v - 6 = 0. Suppose -9*l - y*l = -2002. What is the tens digit of l?
8
Suppose -2*m - 10 = -3*o, -17 = 4*m - 4*o - 1. What is the tens digit of (4/(-1))/(m - -3) - -89?
8
Let l(y) = y**2 + 3*y + 17. Let k(p) = p**3 - p**2 + 2*p - 3. Let f be k(3). Suppose 2*g - 5*g = f. What is the units digit of l(g)?
5
Suppose y = -2, u - 3*u - 4*y - 38 = 0. Suppose 0 = 9*s - 5*s + 44. Let x = s - u. What is the units digit of x?
4
Suppose 1416 = 4*u + 120. Suppose -103*r - u = -106*r. What is the tens digit of r?
0
Let z(j) = 9*j**3 - 21*j**2 + 96*j - 14. What is the units digit of z(6)?
0
Let h(a) = 67*a + 193. What is the hundreds digit of h(30)?
2
What is the units digit of ((-3)/(-9))/((-6)/(-29268)*2)?
3
Let d(l) = 5*l**2 - 14*l - 11. Let n(a) = 6*a**2 - 15*a - 12. Let x(i) = -5*d(i) + 4*n(i). Let t be x(10). Suppose 3*c - 43 = -t. What is the tens digit of c?
1
Let t = 2157 - 867. What is the tens digit of t?
9
Let g(o) = o - 1. Let a be g(3). Suppose -21 = -4*f + 7*s - a*s, 0 = 5*f + 3*s - 17. Suppose -78 = -f*u + 50. What is the units digit of u?
2
Suppose -3*o + 790 + 3320 = 0. What is the tens digit of o?
7
Suppose 0 = -g - 5*g + 30. Suppose -19 = 3*k - 4, k = g*w - 275. What is the tens digit of w?
5
Let d be 6/9*1*3. Let s be (6 + 0 - d) + -4. Suppose s = -6*t - 26 + 122. What is the tens digit of t?
1
Let y = -3 - -11. Suppose 4*k = 2*r - 0*k + 28, 4*k = -r - y. Let b = r - -38. What is the units digit of b?
6
Let g be (-1 + 2)/((-2)/(-6)). Suppose -k = -10 + g. What is the units digit of k/(-6)*(-12 + 6)?
7
Suppose -4*w + 12 = 2*w. Let a(p) = -10 - 1 - 4*p**w - 5 + 12*p + 3*p**2. What is the units digit of a(8)?
6
Let z be ((-3)/2)/((-3)/6). Suppose l - 7 = -z*l - 3*i, 5*l = 3*i + 2. What is the units digit of l?
1
Suppose -5*k - 4*m = -7, -4*k = 3*m - 2 - 4. Suppose 2*o - 27 = o + 5*x, -x - 123 = -k*o. What is the tens digit of o?
4
Suppose -z - 4*r = -4258, -5*z = -5*r - 8403 - 12912. What is the thousands digit of z?
4
Let j(a) = -2*a + 6. Let x be j(5). What is the units digit of 18*((-56)/(-12) + x)?
2
Suppose 6*l - l - 3*u - 28 = 0, -25 = -4*l + 5*u. Suppose -5*p - o - 75 = 2*o, -l = -o. What is the units digit of (-880)/(-72) + 4/p?
2
Let j(g) = 12*g**2 + 6*g. What is the tens digit of j(7)?
3
Suppose -5*l + 22440 = -5*p, 6*l - 4*p = l + 22439. What is the hundreds digit of l?
4
Let y = -947 + 1788. What is the units digit of y?
1
Let i(u) = -u**2 + 13*u - 5. Let y be i(12). Let q = 9 - 6. Suppose -2*c + 3*j = -6, 3*c - q - y = 4*j. What is the units digit of c?
6
Suppose 3*s = -0*s + 4*u + 61, -5*s + 125 = -2*u. Let z = s - 29. What is the units digit of 34/(-1)*1/z?
7
Let i be (-3)/((-3)/1) + 5. What is the tens digit of ((-3)/i)/((-3)/234)?
3
Let t(h) = -h**3 - 8*h**2 + 24*h + 6. Let a be t(-10). Let z = 43 + a. What is the units digit of z?
9
Let i be -166 - (-2)/(1 + 1). Let x = i + 107. What is the tens digit of x/(-6) + (-1)/(-3)?
1
Let a(x) = -13*x - 15. Let n be a(-5). Suppose 3*k = -d + n, 4*k - 5*d = 35 + 57. What is the tens digit of k?
1
Suppose 0*n = 2*n - 452. Let w = n + -127. What is the tens digit of w?
9
Let k = 482 - 206. What is the units digit of k?
6
Let f(u) = u**2 - 5*u + 6. Suppose 3*y + 10 = 5*y. Let k be f(y). Suppose -k*t + 3*t - 3*g = -3, 0 = -3*t + g + 23. What is the units digit of t?
6
Let g(s) = s + 8. Suppose -5*h + 11 = 36. Let j be g(h). Suppose 156 = j*v + 3*v. What is the tens digit of v?
2
Suppose -3670 - 566 = -12*p. What is the hundreds digit of p?
3
Let t be ((-42)/(-49))/(3/21). Let k(x) = x**2 + 3*x + 3*x + t + x + 6. What is the units digit of k(-6)?
6
What is the units digit of 66/(-165) + (0 - 5307/(-5))?
1
Suppose -66*b + 111554 = -32*b. What is the units digit of b?
1
Suppose 8*d - 23 + 7 = 0. Suppose -d*j + 135 = 47. What is the units digit of j?
4
Suppose -11*m + 25 + 8 = 0. Suppose -m*r - 17 = -20. What is the units digit of r?
1
Let u(p) = 22*p - 7*p + 45*p - 9*p - 30. What is the tens digit of u(3)?
2
What is the hundreds digit of ((-3)/6 - 1)/((-78)/87776)?
6
Let b(i) = -i + 15. Let f be b(13). Let p(v) = 5*v**f + 3*v**2 - v + 14 - 16 - v**3. What is the tens digit of p(7)?
4
Suppose 0 = 375*t - 356*t - 34257. What is the tens digit of t?
0
Let d = -2293 + 5356. What is the units digit of d?
3
Suppose -5*w = -2*k + 3*k - 56, 4*k - 178 = 3*w. Let d = -41 + k. What is the units digit of d?
5
Suppose 3*n + 10165 = 8*n. What is the hundreds digit of n?
0
What is the thousands digit of -3*4/3*7357/(-28)?
1
What is the hundreds digit of (10/(-30))/((-2)/2022)?
3
Let a = 37 - 39. What is the units digit of a + (267 - 1) + 4?
8
Suppose -4*f = 3*g - 2795, -16 = 2*f - 14. What is the hundreds digit of g?
9
Let n = -1055 - -2384. What is the thousands digit of n?
1
Let g = 23 - 20. Let c(j) be the first derivative of 5*j**2 + 6*j - 6. What is the tens digit of c(g)?
3
Let t(s) = -559*s + 1204. What is the tens digit of t(-8)?
7
What is the units digit of ((-1108)/(-6))/((5 - 3)/6)?
4
Let d(y) = -262*y**2 - 5 + 135*y**2 + 126*y**2 - 19*y. Let x(n) = -n**3 - 6*n**2 - 6*n - 5. Let r be x(-4). What is the tens digit of d(r)?
7
Suppose 0 = 11*c + 12 - 100. What is the units digit of (148/(-8) + -4)/((-6)/c)?
0
Suppose -5*n + 2955 = 5*z, -10*n + z + 1765 = -7*n. What is the units digit of n?
9
Suppose 0 = -k + 1692. What is the tens digit of k?
9
What is the tens digit of (-2)/(-5) + 3*(-83)/(-15)?
1
Let h = 7 + -12. Let c be ((-1)/((-1)/h))/(-1). Let k = c + 9. What is the tens digit of k?
1
Let s(t) = 21*t**2 - t - 30. What is the hundreds digit of s(7)?
9
Let g = 1787 - 1016. What is the hundreds digit of g?
7
Let m(u) = u + 11. Let i be m(-18). Let a(c) = -19*c - 11. What is the units digit of a(i)?
2
Let y(r) = -r**2 + 11*r - 3. Let m be y(7). Let a = m - 16. Suppose 5*j = -x + 51, 0*j = -j - 5*x - a. What is the units digit of j?
1
Suppose 3*q = r + 35, 5*q + 2*r + 2 = 75. Let o = -13 + q. Suppose -2*i + 3*i + 15 = u, -4*u - 4*i + 76 = o. What is the tens digit of u?
1
Suppose -22*t = -18*t - 56. Let w be ((-2)/(-3))/(1/3). Let h = t + w. What is the units digit of h?
6
Suppose -7*t - 138 + 432 = 0. What is the units digit of t/(6/2)*1?
4
Suppose -2*p + 18 = 3*l, p + 1 = 4. Suppose -l*c + 32 = -96. What is the tens digit of c?
3
Let p(c) = 6*c**2 - c + 13. Let k(d) = -6*d**2 + d - 13. Let t(h) = 5*k(h) + 6*p(h). What is the units digit of t(-4)?
3
Let s(g) = g**2 - 9. Let f be s(-4). Suppose -5*k + 258 + f = 0. What is the tens digit of k?
5
What is the units digit of -14 - (-1632)/119 - 732/(-14)?
2
Let i(v) = -9*v. Suppose 3*r - 13 = f + 8*r, -2*f - 2*r = 18. Let n(u) = u**2 + 7*u - 11. Let g be n(f). What is the units digit of i(g)?
7
Suppose 0 = -31*v + 11466 - 2476. What is the hundreds digit of v?
2
Let x(z) = 3*z + 3. Let u be x(5). Suppose 0 = -3*c + 4*c - u. Let n = -10 + c. What is the units digit of n?
8
What is the tens digit of (-236)/6*21/(-7)*8?
4
Let k be (2 - (4 - 1)) + 19. Suppose -k*c + 2394 = -0*c. What is the units digit of c?
3
Let f = -52 + 241. What is the units digit of f?
9
Let h(b) = 7*b - 11. Let j(y) = 14*y - 21. Let a(s) = -11*h(s) + 6*j(s). What is the tens digit of a(8)?
5
Let c(b) = 2*b**3 + 29*b**2 - 5*b - 4. What is the tens digit of c(-6)?
3
What is the hundreds digit of ((-18)/10)/(4698/(-4695) - -1)?
8
Let d(v) = v - 6. Let q be d(-6). Let h be ((-106)/(-6))/1 + (-10)/15. Let o = h + q. What is the units digit of o?
5
Let m(s) be the first derivative of s**3/3 + s**2 - 4*